it of 261905874?
5
What is the hundreds digit of 468562479?
4
What is the thousands digit of 51534227?
4
What is the hundred millions digit of 117406264?
1
What is the ten millions digit of 1159966663?
5
What is the hundreds digit of 5545927056?
0
What is the hundreds digit of 174148367?
3
What is the units digit of 50014815?
5
What is the tens digit of 84623104?
0
What is the thousands digit of 1543357002?
7
What is the millions digit of 48864283?
8
What is the millions digit of 508331376?
8
What is the hundreds digit of 165404877?
8
What is the hundred thousands digit of 6762071?
7
What is the hundreds digit of 32420979?
9
What is the billions digit of 6536237273?
6
What is the ten thousands digit of 1935184?
3
What is the ten thousands digit of 20059925?
5
What is the ten thousands digit of 104725927?
2
What is the ten millions digit of 205687877?
0
What is the millions digit of 910901224?
0
What is the ten millions digit of 4648986138?
4
What is the hundred millions digit of 109039142?
1
What is the thousands digit of 564776217?
6
What is the ten millions digit of 27238980?
2
What is the tens digit of 30516305?
0
What is the units digit of 1996344164?
4
What is the millions digit of 11281260?
1
What is the hundred millions digit of 211197988?
2
What is the ten thousands digit of 443823835?
2
What is the ten thousands digit of 855903572?
0
What is the units digit of 4788110758?
8
What is the tens digit of 101187869?
6
What is the millions digit of 584063115?
4
What is the millions digit of 744177773?
4
What is the hundred thousands digit of 311317750?
3
What is the thousands digit of 8403492?
3
What is the thousands digit of 194769304?
9
What is the millions digit of 651144144?
1
What is the hundred millions digit of 1631855436?
6
What is the hundred millions digit of 1674972148?
6
What is the units digit of 4741300?
0
What is the hundreds digit of 235248491?
4
What is the thousands digit of 2407076400?
6
What is the tens digit of 405923906?
0
What is the units digit of 156054612?
2
What is the tens digit of 1297736051?
5
What is the hundred millions digit of 284492421?
2
What is the hundred thousands digit of 230631810?
6
What is the units digit of 4979527050?
0
What is the ten millions digit of 2235284031?
3
What is the thousands digit of 903283788?
3
What is the thousands digit of 187645155?
5
What is the thousands digit of 186573066?
3
What is the ten millions digit of 222200448?
2
What is the ten thousands digit of 831602073?
0
What is the hundred millions digit of 467439385?
4
What is the hundreds digit of 226190980?
9
What is the hundred millions digit of 112095582?
1
What is the ten millions digit of 21453157?
2
What is the ten thousands digit of 722139927?
3
What is the hundred millions digit of 226364600?
2
What is the hundreds digit of 177221659?
6
What is the hundred millions digit of 741824666?
7
What is the ten millions digit of 2461243865?
6
What is the thousands digit of 1262801557?
1
What is the units digit of 2313457562?
2
What is the hundreds digit of 106160415?
4
What is the hundred thousands digit of 27598488?
5
What is the hundred millions digit of 1978085542?
9
What is the tens digit of 2754717500?
0
What is the ten millions digit of 115071392?
1
What is the units digit of 1148865129?
9
What is the ten millions digit of 530526808?
3
What is the millions digit of 5230924806?
0
What is the units digit of 619089068?
8
What is the units digit of 25250527?
7
What is the ten millions digit of 807642924?
0
What is the hundred thousands digit of 493305?
4
What is the thousands digit of 301990500?
0
What is the ten thousands digit of 241637217?
3
What is the millions digit of 1740544655?
0
What is the ten thousands digit of 112918499?
1
What is the hundred thousands digit of 59805181?
8
What is the millions digit of 111374218?
1
What is the hundred thousands digit of 87142812?
1
What is the hundred thousands digit of 176823850?
8
What is the ten thousands digit of 68482712?
8
What is the ten millions digit of 11690343?
1
What is the ten millions digit of 68702860?
6
What is the millions digit of 1466668279?
6
What is the millions digit of 151396175?
1
What is the hundred thousands digit of 1384073860?
0
What is the ten thousands digit of 110564314?
6
What is the thousands digit of 64835159?
5
What is the units digit of 1257429973?
3
What is the ten millions digit of 203721825?
0
What is the units digit of 164265259?
9
What is the units digit of 271625646?
6
What is the units digit of 129746572?
2
What is the hundreds digit of 645053357?
3
What is the units digit of 143835642?
2
What is the tens digit of 7969382019?
1
What is the millions digit of 14184203?
4
What is the ten millions digit of 475368525?
7
What is the tens digit of 44444320?
2
What is the hundreds digit of 70662795?
7
What is the hundred millions digit of 1170576743?
1
What is the ten millions digit of 406887220?
0
What is the hundreds digit of 76469157?
1
What is the ten thousands digit of 51489851?
8
What is the hundred millions digit of 536806108?
5
What is the thousands digit of 50611327?
1
What is the hundred thousands digit of 27608941?
6
What is the millions digit of 489097072?
9
What is the thousands digit of 4312464765?
4
What is the thousands digit of 100845077?
5
What is the ten millions digit of 112533149?
1
What is the thousands digit of 40897162?
7
What is the tens digit of 497027363?
6
What is the ten thousands digit of 3915507?
1
What is the hundred millions digit of 663418715?
6
What is the hundred thousands digit of 61635399?
6
What is the hundred thousands digit of 256820337?
8
What is the hundreds digit of 2782260304?
3
What is the thousands digit of 80923020?
3
What is the ten millions digit of 1509051495?
0
What is the tens digit of 88639043?
4
What is the ten thousands digit of 2533947348?
4
What is the ten millions digit of 501675787?
0
What is the millions digit of 178713605?
8
What is the ten thousands digit of 18025247?
2
What is the hundreds digit of 73309988?
9
What is the thousands digit of 1265818447?
8
What is the hundreds digit of 577369598?
5
What is the hundred millions digit of 646249667?
6
What is the units digit of 405051344?
4
What is the ten millions digit of 2067429064?
6
What is the hundred millions digit of 2790356249?
7
What is the thousands digit of 146884732?
4
What is the hundreds digit of 53542010?
0
What is the millions digit of 3767161213?
7
What is the tens digit of 854061939?
3
What is the ten millions digit of 14415202?
1
What is the hundred thousands digit of 72599903?
5
What is the millions digit of 19892854?
9
What is the hundred thousands digit of 19748765?
7
What is the hundred millions digit of 717393507?
7
What is the hundred thousands digit of 39181713?
1
What is the hundred millions digit of 799016265?
7
What is the ten thousands digit of 1547454950?
5
What is the billions digit of 1086523559?
1
What is the thousands digit of 106893994?
3
What is the units digit of 1089214810?
0
What is the hundred thousands digit of 64009833?
0
What is the hundred thousands digit of 2180472357?
4
What is the hundred thousands digit of 198330575?
3
What is the units digit of 106724438?
8
What is the hundred thousands digit of 239366306?
3
What is the thousands digit of 57559278?
9
What is the thousands digit of 312230778?
0
What is the millions digit of 590010604?
0
What is the ten millions digit of 362346318?
6
What is the millions digit of 298626138?
8
What is the hundreds digit of 143727833?
8
What is the hundreds digit of 2660328030?
0
What is the hundred thousands digit of 27220794?
2
What is the thousands digit of 35685780?
5
What is the ten thousands digit of 2542509881?
0
What is the hundred millions digit of 4485984186?
4
What is the tens digit of 85626226?
2
What is the hundreds digit of 2408756347?
3
What is the hundreds digit of 2087031037?
0
What is the ten millions digit of 70531678?
7
What is the thousands digit of 185431998?
1
What is the ten thousands digit of 40788902?
8
What is the thousands digit of 242527456?
7
What is the thousands digit of 131064758?
4
What is the hundred millions digit of 794988818?
7
What is the hundreds digit of 2350500616?
6
What is the ten millions digit of 344785352?
